at is the units digit of 1774?
4
What is the units digit of 24593?
3
What is the hundreds digit of 4932?
9
What is the units digit of 7409?
9
What is the hundreds digit of 96466?
4
What is the hundreds digit of 6168?
1
What is the thousands digit of 55948?
5
What is the thousands digit of 3016?
3
What is the tens digit of 1458?
5
What is the ten thousands digit of 71077?
7
What is the tens digit of 4295?
9
What is the units digit of 3692?
2
What is the hundreds digit of 5365?
3
What is the hundreds digit of 6375?
3
What is the tens digit of 48457?
5
What is the tens digit of 11891?
9
What is the units digit of 2875?
5
What is the thousands digit of 2100?
2
What is the thousands digit of 38768?
8
What is the hundreds digit of 14702?
7
What is the units digit of 4434?
4
What is the units digit of 3565?
5
What is the hundreds digit of 839?
8
What is the tens digit of 870?
7
What is the hundreds digit of 102?
1
What is the units digit of 818?
8
What is the hundreds digit of 9622?
6
What is the thousands digit of 94653?
4
What is the tens digit of 766?
6
What is the tens digit of 35601?
0
What is the thousands digit of 20268?
0
What is the units digit of 105772?
2
What is the hundreds digit of 932?
9
What is the hundreds digit of 537?
5
What is the units digit of 26300?
0
What is the tens digit of 2839?
3
What is the tens digit of 960?
6
What is the thousands digit of 1920?
1
What is the tens digit of 7176?
7
What is the hundreds digit of 4997?
9
What is the hundreds digit of 71330?
3
What is the thousands digit of 1978?
1
What is the hundreds digit of 23937?
9
What is the ten thousands digit of 120312?
2
What is the thousands digit of 26885?
6
What is the thousands digit of 47756?
7
What is the thousands digit of 87694?
7
What is the thousands digit of 40466?
0
What is the tens digit of 763?
6
What is the thousands digit of 3302?
3
What is the hundreds digit of 616?
6
What is the thousands digit of 5152?
5
What is the tens digit of 6410?
1
What is the units digit of 19072?
2
What is the units digit of 3823?
3
What is the thousands digit of 25940?
5
What is the tens digit of 844?
4
What is the units digit of 3543?
3
What is the units digit of 1184?
4
What is the tens digit of 14782?
8
What is the tens digit of 34029?
2
What is the thousands digit of 2062?
2
What is the thousands digit of 32778?
2
What is the units digit of 2542?
2
What is the thousands digit of 1771?
1
What is the units digit of 1422?
2
What is the tens digit of 91853?
5
What is the units digit of 23860?
0
What is the tens digit of 12346?
4
What is the thousands digit of 91990?
1
What is the hundreds digit of 7410?
4
What is the tens digit of 119791?
9
What is the tens digit of 3621?
2
What is the tens digit of 2793?
9
What is the units digit of 59?
9
What is the hundreds digit of 57686?
6
What is the thousands digit of 2399?
2
What is the hundreds digit of 1910?
9
What is the tens digit of 608?
0
What is the hundreds digit of 1662?
6
What is the thousands digit of 1102?
1
What is the tens digit of 46179?
7
What is the tens digit of 19689?
8
What is the thousands digit of 11740?
1
What is the tens digit of 1528?
2
What is the thousands digit of 25259?
5
What is the units digit of 453?
3
What is the units digit of 249?
9
What is the units digit of 9611?
1
What is the hundreds digit of 4928?
9
What is the hundreds digit of 3387?
3
What is the units digit of 1980?
0
What is the thousands digit of 6506?
6
What is the thousands digit of 2562?
2
What is the tens digit of 1601?
0
What is the thousands digit of 86590?
6
What is the hundreds digit of 1596?
5
What is the thousands digit of 4381?
4
What is the units digit of 1218?
8
What is the hundreds digit of 368?
3
What is the hundreds digit of 1082?
0
What is the thousands digit of 72662?
2
What is the tens digit of 16516?
1
What is the tens digit of 2650?
5
What is the ten thousands digit of 50274?
5
What is the hundreds digit of 5330?
3
What is the hundreds digit of 109?
1
What is the hundreds digit of 1477?
4
What is the units digit of 6695?
5
What is the tens digit of 1013?
1
What is the hundreds digit of 21257?
2
What is the hundreds digit of 13390?
3
What is the units digit of 8043?
3
What is the tens digit of 1247?
4
What is the units digit of 175633?
3
What is the tens digit of 793?
9
What is the thousands digit of 3357?
3
What is the hundreds digit of 50093?
0
What is the tens digit of 839?
3
What is the thousands digit of 60367?
0
What is the hundreds digit of 517?
5
What is the thousands digit of 56358?
6
What is the units digit of 2138?
8
What is the tens digit of 1125?
2
What is the thousands digit of 2465?
2
What is the hundreds digit of 493?
4
What is the tens digit of 6077?
7
What is the units digit of 663?
3
What is the hundreds digit of 27750?
7
What is the units digit of 53306?
6
What is the tens digit of 48439?
3
What is the units digit of 5928?
8
What is the tens digit of 5275?
7
What is the units digit of 664?
4
What is the ten thousands digit of 11877?
1
What is the hundreds digit of 8203?
2
What is the hundreds digit of 17262?
2
What is the hundreds digit of 3549?
5
What is the thousands digit of 75175?
5
What is the ten thousands digit of 14821?
1
What is the units digit of 305?
5
What is the thousands digit of 4328?
4
What is the units digit of 6325?
5
What is the tens digit of 1494?
9
What is the thousands digit of 1909?
1
What is the hundreds digit of 10103?
1
What is the hundreds digit of 654?
6
What is the units digit of 285?
5
What is the thousands digit of 2730?
2
What is the tens digit of 1700?
0
What is the thousands digit of 82654?
2
What is the hundreds digit of 21694?
6
What is the units digit of 969?
9
What is the tens digit of 667?
6
What is the units digit of 9257?
7
What is the ten thousands digit of 40794?
4
What is the units digit of 139?
9
What is the units digit of 12960?
0
What is the units digit of 890?
0
What is the units digit of 92774?
4
What is the thousands digit of 80568?
0
What is the hundreds digit of 18786?
7
What is the tens digit of 1050?
5
What is the hundreds digit of 1895?
8
What is the tens digit of 1013?
1
What is the tens digit of 932?
3
What is the tens digit of 33785?
8
What is the ten thousands digit of 153425?
5
What is the tens digit of 40269?
6
What is the tens digit of 14806?
0
What is the hundreds digit of 128?
1
What is the units digit of 3692?
2
What is the thousands digit of 5646?
5
What is the thousands digit of 2826?
2
What is the hundreds digit of 8323?
3
What is the units digit of 804?
4
What is the hundreds digit of 33475?
4
What is the ten thousands digit of 158964?
5
What is the tens digit of 11072?
7
What is the thousands digit of 2352?
2
What is the hundreds digit of 580?
5
What is the tens digit of 2460?
6
What is the tens digit of 6682?
8
What is the thousands digit of 18523?
8
What is the units digit of 26059?
9
What is the thousands digit of 10702?
0
What is the hundreds digit of 6653?
6
What is the tens digit of 2273?
7
What is the hundreds digit of 36697?
6
What is the units digit of 66787?
7
What is the thousands digit of 25287?
5
What is the ten thousands digit of 12882?
1
What is the thousands digit of 7388?
7
What is the tens digit of 118?
1
What is the tens digit of 4459?
5
What is the hundreds digit of 12766?
7
What is the units digit of 7359?
9
What is the thousands digit of 19654?
9
What is the units digit of 3022?
2
What is the thousands digit of 7060?
7
What is the hundreds digit of 550?
5
What is the thousands digit of 6033?
6
What is the thousands digit of 3309?
3
What is the ten thousands digit of 15104?
1
What is the hundreds digit of 908?
9
What is the hundreds digit of 25655?
6
What is the thousands digit of 31016?
1
What is the units digit of 435?
5
What is the units digit of 50385?
5
What is the units digit of 259?
9
What is the units digit of 3921?
1
What is the tens digit of 734?
3
What is the units digit of 74199?
9
What is the units digit of 2156?
6
What is the ten thousands digit of 10355?
1
What is the hundreds digit of 30870?
8
What is the tens digit of 13673?
7
What is the units digit of 9467?
7
What is the thousands digit of 59268?
9
What is the tens digit of 30011?
1
What is the ten thousands digit of 66785?
6
What i